hest common divisor of 23615 and 35.
5
Calculate the greatest common factor of 117 and 2382575.
13
Calculate the highest common factor of 108915 and 13250.
265
Calculate the highest common divisor of 4400 and 12485.
55
Calculate the greatest common factor of 30 and 86595.
15
Calculate the highest common divisor of 305 and 1505.
5
Calculate the greatest common factor of 5 and 408160.
5
Calculate the highest common factor of 10667 and 5.
1
Calculate the highest common divisor of 4340 and 102300.
620
What is the greatest common divisor of 97 and 1993253?
97
What is the highest common divisor of 496 and 401388?
124
What is the highest common divisor of 1994 and 50?
2
What is the highest common divisor of 5886 and 13407?
327
What is the highest common divisor of 21 and 1646239?
7
What is the highest common divisor of 26130 and 12998?
134
Calculate the greatest common factor of 1932 and 1218.
42
What is the greatest common divisor of 714 and 323?
17
What is the highest common factor of 35036 and 76?
76
What is the greatest common divisor of 26 and 46397?
13
Calculate the highest common factor of 1208 and 610644.
604
Calculate the highest common divisor of 11 and 3668863.
11
What is the highest common factor of 339 and 19775?
113
Calculate the greatest common factor of 8913 and 12.
3
Calculate the highest common divisor of 181905 and 181.
181
What is the highest common divisor of 115999 and 13?
13
Calculate the greatest common factor of 45 and 28395.
45
What is the highest common factor of 128 and 196480?
128
What is the highest common factor of 88 and 12904?
8
What is the greatest common divisor of 84436 and 484?
44
Calculate the highest common factor of 155 and 4583505.
155
Calculate the greatest common divisor of 40 and 13005.
5
Calculate the greatest common divisor of 4565 and 165.
55
Calculate the greatest common factor of 1495 and 190463.
299
Calculate the greatest common factor of 812493 and 5481.
261
What is the highest common factor of 635 and 218567?
127
What is the highest common factor of 331816 and 2072?
296
Calculate the highest common factor of 87 and 2984158.
29
Calculate the highest common factor of 915 and 44355.
15
What is the greatest common factor of 19 and 87343?
19
Calculate the greatest common factor of 65820 and 660.
60
What is the highest common factor of 9894 and 2346?
102
Calculate the greatest common factor of 1049295 and 130.
65
Calculate the greatest common factor of 141 and 7851.
3
Calculate the greatest common factor of 2527 and 399.
133
What is the greatest common factor of 39936 and 195?
39
Calculate the highest common factor of 115 and 1510.
5
What is the greatest common factor of 156 and 5356?
52
Calculate the highest common divisor of 604 and 8292.
4
Calculate the highest common factor of 227 and 9761.
227
Calculate the highest common factor of 713 and 589.
31
Calculate the highest common factor of 85 and 3242665.
85
What is the highest common factor of 20531 and 98?
49
Calculate the greatest common divisor of 46443 and 2712.
339
Calculate the greatest common divisor of 2821 and 35867.
403
What is the greatest common factor of 67704 and 217?
217
What is the greatest common factor of 490 and 58065?
245
What is the greatest common divisor of 161 and 749?
7
Calculate the highest common factor of 2769 and 259221.
213
Calculate the highest common factor of 23 and 3286769.
23
Calculate the greatest common factor of 853867 and 223.
223
What is the greatest common factor of 50397 and 30144?
471
What is the greatest common factor of 329 and 146?
1
Calculate the greatest common divisor of 2483 and 169.
13
Calculate the highest common divisor of 636 and 808515.
159
What is the highest common divisor of 54 and 270?
54
What is the highest common factor of 222 and 333?
111
What is the greatest common factor of 1486751 and 987?
329
What is the highest common factor of 7482 and 3306?
174
Calculate the greatest common divisor of 1677 and 17823.
39
Calculate the greatest common divisor of 72862 and 238.
34
Calculate the highest common divisor of 4564235 and 710.
355
Calculate the greatest common divisor of 1976 and 90155.
247
Calculate the highest common divisor of 3 and 379.
1
Calculate the greatest common divisor of 14955 and 135.
15
What is the greatest common factor of 1 and 87691?
1
Calculate the greatest common divisor of 22020 and 660.
60
Calculate the greatest common factor of 20 and 94820.
20
Calculate the highest common divisor of 389172 and 3503.
113
What is the greatest common factor of 1296 and 509094?
18
Calculate the highest common factor of 675093 and 307.
307
Calculate the highest common factor of 47833 and 93.
31
What is the greatest common divisor of 55559 and 49?
7
What is the highest common factor of 15870 and 1770?
30
What is the greatest common factor of 272460 and 285?
285
Calculate the greatest common factor of 140 and 1072505.
35
What is the greatest common divisor of 250480 and 25?
5
Calculate the highest common divisor of 150546 and 132.
66
What is the greatest common divisor of 1398 and 1434814?
466
What is the highest common factor of 1172 and 2637?
293
What is the greatest common factor of 53 and 988768?
53
Calculate the highest common divisor of 30 and 1395.
15
What is the greatest common factor of 45 and 392565?
15
What is the greatest common divisor of 30105 and 30?
15
What is the highest common divisor of 664 and 32287?
83
What is the greatest common divisor of 69 and 122958?
69
Calculate the highest common divisor of 153 and 531.
9
What is the greatest common divisor of 775 and 1280?
5
Calculate the highest common divisor of 42 and 72058.
14
What is the greatest common factor of 506624 and 9895?
1979
What is the greatest common factor of 413308 and 12180?
812
Calculate the greatest common factor of 108 and 36804.
12
Calculate the greatest common divisor of 41883 and 69.
69
What is the highest common divisor of 855 and 81?
9
Calculate the highest common factor of 130239 and 151197.
1497
What is the greatest common factor of 135 and 33255?
45
Calculate the highest common divisor of 35260 and 6020.
860
Calculate the highest common factor of 268716 and 7644.
588
What is the greatest common divisor of 100352 and 196?
196
What is the highest common factor of 4688 and 184?
8
What is the highest common divisor of 15 and 2589?
3
Calculate the highest common factor of 104389 and 556.
139
What is the highest common divisor of 18666 and 2979?
9
What is the greatest common factor of 43368 and 24648?
312
What is the highest common divisor of 2248 and 281?
281
What is the greatest common divisor of 68 and 2241586?
34
Calculate the highest common divisor of 619775 and 325.
325
What is the highest common factor of 53125 and 136?
17
Calculate the highest common divisor of 330071 and 854.
427
Calculate the greatest common factor of 486 and 132921.
243
What is the greatest common divisor of 141 and 47423?
47
What is the highest common divisor of 480 and 21088?
32
Calculate the highest common divisor of 27036 and 48.
12
What is the highest common factor of 134652 and 24?
12
Calculate the highest common factor of 16507 and 731.
17
What is the greatest common divisor of 1464 and 15228?
12
What is the greatest common divisor of 320 and 324?
4
What is the greatest common divisor of 480 and 125?
5
What is the highest common factor of 8130 and 30?
30
What is the greatest common factor of 2960 and 1440?
80
Calculate the greatest common divisor of 102050 and 2054.
26
What is the highest common divisor of 156 and 2961?
3
What is the highest common factor of 804 and 258620?
268
What is the highest common divisor of 2822240 and 8?
8
Calculate the highest common divisor of 600242 and 786.
262
What is the greatest common factor of 672 and 264348?
84
Calculate the greatest common factor of 33 and 1753.
1
Calculate the greatest common factor of 15145 and 130.
65
Calculate the highest common factor of 26182 and 1406.
38
Calculate the highest common factor of 2123 and 9264.
193
Calculate the highest common factor of 493 and 287622.
29
Calculate the greatest common factor of 374968 and 22.
22
What is the greatest common divisor of 1559319 and 141?
141
Calculate the highest common factor of 46688 and 32.
32
Calculate the highest 